5. Calculate h(4).
-71
Let n(x) = -641*x - 2566. Give n(-4).
-2
Let n(g) = 4*g + 317. What is n(-89)?
-39
Let m(l) = -l**2 - 15*l + 170. Calculate m(-28).
-194
Let d(c) = c**3 + 14*c**2 - 266*c - 3709. Calculate d(-16).
35
Let g(a) = a**3 + 5*a**2 + a + 13. Give g(0).
13
Let i(x) = -x**3 + 15*x**2 + 104*x - 1401. Give i(16).
7
Let w(o) = o**3 - 16*o**2 + 15*o - 241. Calculate w(16).
-1
Let n(k) = -14*k - 122. What is n(-8)?
-10
Let q(n) = -5*n**2 - 25*n - 1. Determine q(-7).
-71
Let y(z) = -z**2 - 23*z - 105. Determine y(-18).
-15
Let h(k) = -k**3 + 106*k**2 - 111*k + 655. Give h(105).
25
Let q(w) = 197*w + 4. Calculate q(0).
4
Let m(l) = -10*l**2 - 341*l - 2411. Give m(-10).
-1
Let p(k) = k**3 + 62*k**2 + 440*k + 67. What is p(-8)?
3
Let l(c) = 47*c**3 + 2*c**2 - 3*c. Calculate l(1).
46
Let v(r) = 2*r**3 - 76*r**2 - 78*r - 62. Determine v(39).
-62
Let z(m) = 637*m + 32486. Determine z(-51).
-1
Let v(y) = -4*y + 96. Calculate v(21).
12
Let v(q) = -q**3 + 7*q**2 - 42*q + 299. Calculate v(7).
5
Let w(u) = -u**3 - 31*u**2 + 2*u + 97. Give w(-31).
35
Let k(g) = 17*g**2 - 2*g - 11. Determine k(-1).
8
Let v(r) = -r**3 + 5*r**2 + 64*r - 56. Determine v(10).
84
Let n(i) = -71*i - 7. What is n(-1)?
64
Let u(z) = 175*z**2 - 140*z - 283. What is u(-2)?
697
Let j(i) = 2*i**3 + 12*i**2 + 218*i + 1409. Give j(-7).
-215
Let b(k) = -k**3 - 7*k**2 - 13*k - 77. Give b(-7).
14
Let l(g) = 9*g**2 + 53*g - 79. What is l(-7)?
-9
Let f(l) = -2*l**2 + 144*l - 2595. Give f(37).
-5
Let z(m) = 123*m - 1774. Calculate z(15).
71
Let k(t) = 107*t + 1320. Give k(-12).
36
Let y(w) = w**2 + 232*w - 1436. What is y(6)?
-8
Let p(s) = -s**2 + 47*s - 543. Calculate p(18).
-21
Let a(t) = t**3 - 14*t**2 + 5*t - 47. What is a(15)?
253
Let v(z) = 15*z**3 - 3*z. Give v(2).
114
Let o(l) = -l**3 + 13*l**2 - 28*l - 12. Determine o(3).
-6
Let j(s) = -16*s - 110. Determine j(-5).
-30
Let j(k) = 10*k**2 + 57*k + 27. Give j(-9).
324
Let s(b) = 10*b + 1242. What is s(-125)?
-8
Let o(i) = -2*i**3 + 11*i**2 - 8*i + 30. Determine o(5).
15
Let d(k) = 3*k**3 - 80*k**2 - 24*k - 80. Determine d(27).
1
Let v(j) = -j**3 + 20*j**2 + 25*j - 22. Give v(21).
62
Let w(o) = o**3 + 6*o**2 + 2*o - 7. Determine w(-8).
-151
Let p(i) = i**3 - 21*i**2 - 273*i + 87. Calculate p(30).
-3
Let f(g) = -35*g**2 - 1159*g - 115. Determine f(-33).
17
Let x(o) = -1397*o - 184411. What is x(-132)?
-7
Let v(u) = u**3 + 61*u**2 + 48*u - 601. What is v(-60)?
119
Let x(r) = 2*r**3 + 26*r**2 - 26*r - 34. Calculate x(-14).
-62
Let b(t) = t**3 + 3*t**2 - 18*t - 6. Calculate b(-5).
34
Let a(l) = 34*l - 1633. What is a(48)?
-1
Let s(c) = -7000*c + 7004. Determine s(1).
4
Let m(a) = 41*a + 78. Determine m(-5).
-127
Let i(j) = 26*j + 91. Calculate i(-33).
-767
Let v(b) = -222*b + 2834. What is v(13)?
-52
Let t(a) = 83*a + 5668. Give t(-69).
-59
Let t(k) = -10*k**2 + 23*k + 599. What is t(9)?
-4
Let i(p) = -2*p**2 - 105*p + 603. Calculate i(-58).
-35
Let y(f) = -135*f - 1401. What is y(-11)?
84
Let u(i) = 30*i + 1890. Calculate u(-80).
-510
Let n(f) = 14*f**2 - 1262*f + 193. Determine n(90).
13
Let f(c) = -c**3 + 11*c**2 + 90*c - 2. Determine f(17).
-206
Let b(j) = 70*j + 530. What is b(-6)?
110
Let k(l) = 16*l**2 - 1206*l - 753. Give k(76).
7
Let r(v) = 8*v**2 + 82*v + 330. Calculate r(-5).
120
Let i(y) = -1008*y + 318528. Calculate i(316).
0
Let q(n) = -8*n**2 - 240*n + 18. Determine q(-29).
250
Let g(n) = 43*n + 176. Calculate g(-5).
-39
Let j(r) = 4*r**2 - 129*r + 370. What is j(29)?
-7
Let r(q) = q**2 + 75*q + 1134. What is r(-18)?
108
Let z(u) = -14*u**2 + 126*u + 135. Give z(10).
-5
Let k(d) = -d**3 - 27*d**2 - 93*d + 6. Calculate k(-23).
29
Let n(a) = -2*a**2 - 16*a + 211. Give n(7).
1
Let t(h) = -5*h**2 - 20*h + 54. Give t(2).
-6
Let x(b) = -b**3 - 6*b**2 + 52*b + 279. What is x(-5)?
-6
Let a(b) = -3*b**3 + 16*b**2 - 25*b + 17. Calculate a(2).
7
Let g(p) = p**3 + 14*p**2 - 9*p - 18. Determine g(-15).
-108
Let r(d) = d**3 + 31*d**2 + 13*d + 377. Give r(-31).
-26
Let n(v) = -v**2 - 65*v - 839. Calculate n(-19).
35
Let g(o) = 3*o**3 + 9*o**2 - 11*o + 10. Calculate g(-4).
6
Let x(g) = g**2 + 19*g + 81. Determine x(-11).
-7
Let z(o) = 4*o**2 + 37*o - 512. Calculate z(9).
145
Let p(v) = 45*v + 129. Give p(-3).
-6
Let c(q) = -134*q + 1628. Calculate c(12).
20
Let u(o) = 5*o - 1. What is u(-12)?
-61
Let s(g) = 2*g**2 - 497*g + 9760. Calculate s(227).
-1
Let k(q) = q**3 - 33*q**2 - 600*q - 10. What is k(46)?
-102
Let q(d) = 51*d - 1218. What is q(29)?
261
Let n(w) = -3*w**2 - 63*w + 398. What is n(-26)?
8
Let w(g) = -78*g + 864. Calculate w(11).
6
Let p(m) = m**3 - 24*m**2 + 118*m + 3. Give p(9).
-150
Let g(k) = -2*k**3 + 7*k**2 - 28*k - 40. Give g(-6).
812
Let k(b) = -b**2 + 25*b + 467. Calculate k(-12).
23
Let a(g) = 641*g + 2618. Calculate a(-4).
54
Let t(d) = -9*d - 22. Give t(-3).
5
Let t(s) = -728*s + 8013. Calculate t(11).
5
Let g(a) = -2*a**3 - 8*a**2 + 11*a + 3. Calculate g(-5).
-2
Let q(y) = 186*y + 1660. Give q(-9).
-14
Let i(v) = -2*v**2 + 201*v + 2570. Calculate i(112).
-6
Let j(a) = 6*a**3 - 49*a**2 + 22*a - 82. Determine j(8).
30
Let p(m) = 63*m + 11863. Determine p(-188).
19
Let y(n) = -98*n - 83. What is y(1)?
-181
Let d(w) = 54*w - 415. Give d(8).
17
Let o(n) = 11*n + 338. Give o(-24).
74
Let l(q) = -157*q + 2917. What is l(18)?
91
Let m(t) = -2282*t - 27385. Give m(-12).
-1
Let t(k) = k**2 - 31*k - 27. What is t(22)?
-225
Let w(d) = d**2 - 43*d - 1781. Give w(69).
13
Let t(s) = 1197*s + 83796. Calculate t(-70).
6
Let y(o) = 3178*o - 3144. What is y(1)?
34
Let u(i) = -250*i - 3758. Determine u(-15).
-8
Let g(n) = -70*n + 72. Give g(1).
2
Let i(a) = -163*a + 1127. Determine i(7).
-14
Let a(d) = -3*d**2 - 157*d - 1557. Give a(-39).
3
Let v(p) = 42*p**2 + 2*p - 4. Calculate v(-3).
368
Let r(g) = 227*g + 6822. What is r(-30)?
12
Let y(x) = 163*x + 1788. What is y(-11)?
-5
Let i(p) = 2*p**2 - 198*p + 4178. Give i(67).
-110
Let c(f) = -142*f**2 - 1265*f + 124. Give c(-9).
7
Let n(r) = -66*r + 620. Give n(10).
-40
Let c(s) = -s**2 - 403*s + 159656. What is c(246)?
2
Let s(x) = -2*x**3 + 2*x**2 + 48*x - 89. Determine s(2).
-1
Let h(z) = -2*z**2 - 1187*z - 4746. Calculate h(-4).
-30
Let y(k) = k**2 + 108*k + 2451. Calculate y(-75).
-24
Let a(q) = -q**2 - 218*q - 5306. Give a(-28).
14
Let g(s) = 249*s + 30650. Give g(-123).
23
Let b(r) = r**3 - 4*r**2 - r - 77. Give b(0).
-77
Let l(q) = -q**2 + 21*q - 13. Determine l(8).
91
Let d(n) = -n**3 - 13*n**2 - 33*n - 41. Calculate d(-9).
-68
Let v(p) = p**2 + 6*p - 263. Give v(-19).
-16
Let g(m) = 82*m - 98. Give g(0).
-98
Let n(p) = -45*p**2 + p. Give n(-1).
-46
Let f(r) = -r**3 - 44*r**2 + 139*r - 10. Determine f(3).
-16
Let s(a) = -28*a - 857. What is s(-32)?
39
Let f(s) = -s**2 + 125*s - 2927. Determine f(33).
109
Let g(h) = -1803*h - 27052. Give g(-15).
-7
Let r(n) = -n**2 + 31*n - 93. What is r(27)?
15
Let c(j) = j**3 - 94*j**2 + 3*j - 292. Calculate c(94).
-10
Let g(y) = -10*y**3 + 2*y**2 + 6*y + 11. Calculate g(-2).
87
Let x(o) = -2*o**2 + 95*o + 888. Determine x(-8).
0
Let w(v) = -v**2 + 26*v + 61. Determine w(20).
181
Let r(t) = 2*t**3 + 14*t**2 - 4*t - 46. Give r(-7).
-18
Let x(c) = 43*c**2 + 67*c + 4. Give x(4).
960
Let j(h) = 6*h**2 + 42*h - 2007. What is j(15)?
-27
Let s(r) = -r**3 - 23*r**2 + 66*r + 386. Determine s(-25).
-14
Let s(h) = -h**3 - 48*h**2 + 6*h + 295. Determine s(-48).
7
Let r(y) = -2*y**3 + 62*y**2 + 8*y - 230. What is r(31)?
18
Let a(q) = 2*q**3 - 7*q**2 + 9*q + 20. Calculate a(6).
254
Let a(z) = 365*z - 42341. Give a(116).
-1
Let p(a) = -a**3 - 28*a**2 + 331*a + 33. Calculate p(-37).
107
Let j(o) = -o**2 - 13*o + 213. Determine j(12).
-87
Let h(m) = -3*m**2 - 39*m + 74. What is h(2)?
-16
Let m(h) = 8*h**2 - 20*h + 30. Give m(3).
42
Let f(y) = -6*y**3 - y**2 + 15*y + 3. Give f(-2).
17
Let l(a) = -1556*a + 9374. Calculate l(6).
38
Let m(w) = 21*w**2 + 9*w + 14. Give m(-2).
80
Let h(x) = 3*x**2 - 17*x - 85. What is h(9)?
5
Let x(s) = 67*s - 11391. Give x(169).
-68
Let f(x) = -5*x + 544. What is f(34)?
374
Let r(z) = -8*z**3 - 4*z**2 + 10*z + 7. Give r(-3).
157
Let m(t) = -t**3 - 53*t**2 - 370*t - 63. Determine m(-8).
17
Let i(g) = -558*g - 9562. Give i(-17).
-76
Let z(w) = -2*w**2 + 217*w - 1070. Determine z(103).
63
Let h(s) = 78*s - 1391. Calculate h(1